{"id":17873,"date":"2026-04-28T12:24:17","date_gmt":"2026-04-28T10:24:17","guid":{"rendered":"https:\/\/psychosomatik-krause.de\/?page_id=17873"},"modified":"2026-04-28T16:29:42","modified_gmt":"2026-04-28T14:29:42","slug":"private-schmerztherapie-stuttgart","status":"publish","type":"page","link":"https:\/\/psychosomatik-krause.de\/en\/private-schmerztherapie-stuttgart","title":{"rendered":"Einzelsitzungen Physiotherapie"},"content":{"rendered":"<div data-elementor-type=\"wp-page\" data-elementor-id=\"17873\" class=\"elementor elementor-17873\" data-elementor-post-type=\"page\">\n\t\t\t\t\t\t<section class=\"elementor-section elementor-top-section elementor-element elementor-element-6c7f898 elementor-section-boxed elementor-section-height-default elementor-section-height-default\" data-id=\"6c7f898\" data-element_type=\"section\" data-e-type=\"section\">\n\t\t\t\t\t\t<div class=\"elementor-container elementor-column-gap-default\">\n\t\t\t\t\t<div class=\"elementor-column elementor-col-100 elementor-top-column elementor-element elementor-element-41887e2\" data-id=\"41887e2\" data-element_type=\"column\" data-e-type=\"column\">\n\t\t\t<div class=\"elementor-widget-wrap elementor-element-populated\">\n\t\t\t\t\t\t<div class=\"elementor-element elementor-element-9457991 elementor-widget elementor-widget-heading\" data-id=\"9457991\" data-element_type=\"widget\" data-e-type=\"widget\" data-widget_type=\"heading.default\">\n\t\t\t\t<div class=\"elementor-widget-container\">\n\t\t\t\t\t<h1 class=\"elementor-heading-title elementor-size-default\">Einzelsitzungen f\u00fcr R\u00fccken &amp; Nackenschmerzen - Stuttgart<\/h1>\t\t\t\t<\/div>\n\t\t\t\t<\/div>\n\t\t\t\t<div class=\"elementor-element elementor-element-81d8925 elementor-widget elementor-widget-heading\" data-id=\"81d8925\" data-element_type=\"widget\" data-e-type=\"widget\" data-widget_type=\"heading.default\">\n\t\t\t\t<div class=\"elementor-widget-container\">\n\t\t\t\t\t<p class=\"elementor-heading-title elementor-size-default\">Privatpraxis f\u00fcr Selbstzahler und Privatversicherte<\/p>\t\t\t\t<\/div>\n\t\t\t\t<\/div>\n\t\t\t\t<div class=\"elementor-element elementor-element-82cc4dd elementor-widget elementor-widget-spacer\" data-id=\"82cc4dd\" data-element_type=\"widget\" data-e-type=\"widget\" data-widget_type=\"spacer.default\">\n\t\t\t\t<div class=\"elementor-widget-container\">\n\t\t\t\t\t\t\t<div class=\"elementor-spacer\">\n\t\t\t<div class=\"elementor-spacer-inner\"><\/div>\n\t\t<\/div>\n\t\t\t\t\t\t<\/div>\n\t\t\t\t<\/div>\n\t\t\t\t<div class=\"elementor-element elementor-element-fd49e88 elementor-widget elementor-widget-heading\" data-id=\"fd49e88\" data-element_type=\"widget\" data-e-type=\"widget\" data-widget_type=\"heading.default\">\n\t\t\t\t<div class=\"elementor-widget-container\">\n\t\t\t\t\t<h2 class=\"elementor-heading-title elementor-size-default\">Kurzzeitbegleitung bei R\u00fccken-, Nacken- und Gelenkbeschwerden<\/h2>\t\t\t\t<\/div>\n\t\t\t\t<\/div>\n\t\t\t\t\t<\/div>\n\t\t<\/div>\n\t\t\t\t\t<\/div>\n\t\t<\/section>\n\t\t\t\t<section class=\"elementor-section elementor-top-section elementor-element elementor-element-4a06c5b elementor-section-boxed elementor-section-height-default elementor-section-height-default\" data-id=\"4a06c5b\" data-element_type=\"section\" data-e-type=\"section\">\n\t\t\t\t\t\t<div class=\"elementor-container elementor-column-gap-default\">\n\t\t\t\t\t<div class=\"elementor-column elementor-col-100 elementor-top-column elementor-element elementor-element-e4223ac\" data-id=\"e4223ac\" data-element_type=\"column\" data-e-type=\"column\">\n\t\t\t<div class=\"elementor-widget-wrap elementor-element-populated\">\n\t\t\t\t\t\t<div class=\"elementor-element elementor-element-b639be1 elementor-widget elementor-widget-text-editor\" data-id=\"b639be1\" data-element_type=\"widget\" data-e-type=\"widget\" data-widget_type=\"text-editor.default\">\n\t\t\t\t<div class=\"elementor-widget-container\">\n\t\t\t\t\t\t\t\t\t<p data-start=\"188\" data-end=\"415\">In meiner Praxis f\u00fcr Schmerztherapie in Stuttgart behandle ich vor allem R\u00fccken-, Nacken- und Gelenkbeschwerden im Rahmen gezielter Einzelsitzungen.<\/p><p data-start=\"188\" data-end=\"415\">Einzelsitzungen eignen sich f\u00fcr klar umrissene Anliegen, bei denen keine intensive oder langfristige Begleitung erforderlich ist \u2013 insbesondere dann, wenn Sie sich dennoch eine ganzheitliche und umfassende Betreuung w\u00fcnschen.<\/p><p data-start=\"572\" data-end=\"800\">Auch im Rahmen von Einzelsitzungen kommen Elemente der ONPT zum Einsatz, wie beispielsweise Biofeedback sowie individuelle, begleitende Empfehlungen (z. B. zu Ern\u00e4hrung oder Mikron\u00e4hrstoffen), sofern diese sinnvoll erscheinen.<\/p><p data-start=\"807\" data-end=\"899\">Ziel der Sitzung ist eine gezielte Einordnung und Intervention f\u00fcr Ihr Anliegen.<\/p>\t\t\t\t\t\t\t\t<\/div>\n\t\t\t\t<\/div>\n\t\t\t\t<div class=\"elementor-element elementor-element-e015c65 elementor-widget elementor-widget-heading\" data-id=\"e015c65\" data-element_type=\"widget\" data-e-type=\"widget\" data-widget_type=\"heading.default\">\n\t\t\t\t<div class=\"elementor-widget-container\">\n\t\t\t\t\t<h2 class=\"elementor-heading-title elementor-size-default\">Diagnostik im Rahmen von Einzelsitzungen<\/h2>\t\t\t\t<\/div>\n\t\t\t\t<\/div>\n\t\t\t\t<div class=\"elementor-element elementor-element-efa0120 elementor-widget elementor-widget-text-editor\" data-id=\"efa0120\" data-element_type=\"widget\" data-e-type=\"widget\" data-widget_type=\"text-editor.default\">\n\t\t\t\t<div class=\"elementor-widget-container\">\n\t\t\t\t\t\t\t\t\t<p data-start=\"961\" data-end=\"1150\">Im Unterschied zu den Therapieprogrammen erfolgt hier keine mehrteilige Diagnostik. Stattdessen findet zu Beginn eine kompakte diagnostische Einordnung im Rahmen der ersten Sitzung statt.<\/p><p data-start=\"1157\" data-end=\"1275\">Dabei wird Ihre individuelle Situation strukturiert erfasst und gemeinsam besprochen, welches Vorgehen sinnvoll ist.<\/p><p data-start=\"1282\" data-end=\"1586\">In manchen F\u00e4llen kann das Anliegen bereits im Rahmen einer kurzen, gezielten Intervention bearbeitet werden. Sollte sich jedoch zeigen, dass eine umfassendere Betrachtung notwendig ist, kann eine intensivere und l\u00e4ngerfristige Begleitung im Rahmen eines strukturierten Therapieprogramms empfohlen werden.<\/p>\t\t\t\t\t\t\t\t<\/div>\n\t\t\t\t<\/div>\n\t\t\t\t<div class=\"elementor-element elementor-element-d94f271 elementor-widget elementor-widget-heading\" data-id=\"d94f271\" data-element_type=\"widget\" data-e-type=\"widget\" data-widget_type=\"heading.default\">\n\t\t\t\t<div class=\"elementor-widget-container\">\n\t\t\t\t\t<h2 class=\"elementor-heading-title elementor-size-default\">F\u00fcr wen geeignet?<\/h2>\t\t\t\t<\/div>\n\t\t\t\t<\/div>\n\t\t\t\t<div class=\"elementor-element elementor-element-4c9dff4 elementor-widget elementor-widget-text-editor\" data-id=\"4c9dff4\" data-element_type=\"widget\" data-e-type=\"widget\" data-widget_type=\"text-editor.default\">\n\t\t\t\t<div class=\"elementor-widget-container\">\n\t\t\t\t\t\t\t\t\t<p>Einzelsitzungen sind vor allem f\u00fcr Nackenbeschwerden, Kopfschmerzen und Gelenkblockaden im R\u00fccken geeignet, da diese h\u00e4ufig innerhalb weniger Sitzungen behoben werden k\u00f6nnen.\u00a0<\/p>\t\t\t\t\t\t\t\t<\/div>\n\t\t\t\t<\/div>\n\t\t\t\t<div class=\"elementor-element elementor-element-46c4a87 elementor-widget elementor-widget-heading\" data-id=\"46c4a87\" data-element_type=\"widget\" data-e-type=\"widget\" data-widget_type=\"heading.default\">\n\t\t\t\t<div class=\"elementor-widget-container\">\n\t\t\t\t\t<h2 class=\"elementor-heading-title elementor-size-default\">Kosten<\/h2>\t\t\t\t<\/div>\n\t\t\t\t<\/div>\n\t\t\t\t<div class=\"elementor-element elementor-element-cc2ae94 elementor-widget elementor-widget-text-editor\" data-id=\"cc2ae94\" data-element_type=\"widget\" data-e-type=\"widget\" data-widget_type=\"text-editor.default\">\n\t\t\t\t<div class=\"elementor-widget-container\">\n\t\t\t\t\t\t\t\t\t<p>Das Angebot richtet sich an Privatversicherte und Selbstzahler. Eine Einzelsitzung, egal ob als Diagnostik oder Therapie kostet 150\u20ac pro Termin.<\/p>\t\t\t\t\t\t\t\t<\/div>\n\t\t\t\t<\/div>\n\t\t\t\t<div class=\"elementor-element elementor-element-0ab70c1 elementor-widget elementor-widget-heading\" data-id=\"0ab70c1\" data-element_type=\"widget\" data-e-type=\"widget\" data-widget_type=\"heading.default\">\n\t\t\t\t<div class=\"elementor-widget-container\">\n\t\t\t\t\t<h2 class=\"elementor-heading-title elementor-size-default\">Zeit &amp; Dauer<\/h2>\t\t\t\t<\/div>\n\t\t\t\t<\/div>\n\t\t\t\t<div class=\"elementor-element elementor-element-3f0ba8f elementor-widget elementor-widget-text-editor\" data-id=\"3f0ba8f\" data-element_type=\"widget\" data-e-type=\"widget\" data-widget_type=\"text-editor.default\">\n\t\t\t\t<div class=\"elementor-widget-container\">\n\t\t\t\t\t\t\t\t\t<p>Termine dauern je nach Anliegen zwischen 50 &#8211; 70 Minuten.<\/p><p>Pro Anliegen werden bis zu 6 Einzelsitzungen durchgef\u00fchrt. Nach 6 Sitzungen besprechen wir den aktuellen Stand &#8211; ob und in wieweit weitere Sitzungen sinnvoll und notwendig sind.<\/p>\t\t\t\t\t\t\t\t<\/div>\n\t\t\t\t<\/div>\n\t\t\t\t<div class=\"elementor-element elementor-element-cbb91f6 elementor-widget elementor-widget-heading\" data-id=\"cbb91f6\" data-element_type=\"widget\" data-e-type=\"widget\" data-widget_type=\"heading.default\">\n\t\t\t\t<div class=\"elementor-widget-container\">\n\t\t\t\t\t<h2 class=\"elementor-heading-title elementor-size-default\">Termin vereinbaren<\/h2>\t\t\t\t<\/div>\n\t\t\t\t<\/div>\n\t\t\t\t<div class=\"elementor-element elementor-element-92c615c elementor-widget elementor-widget-text-editor\" data-id=\"92c615c\" data-element_type=\"widget\" data-e-type=\"widget\" data-widget_type=\"text-editor.default\">\n\t\t\t\t<div class=\"elementor-widget-container\">\n\t\t\t\t\t\t\t\t\t<p>Um Ihr Anliegen kurz einzuordnen und f\u00fcr das gegenseitige kennenlernen buchen Sie sich gerne ein kostenloses Erstgespr\u00e4ch<\/p>\t\t\t\t\t\t\t\t<\/div>\n\t\t\t\t<\/div>\n\t\t\t\t<div class=\"elementor-element elementor-element-7edcad6 elementor-widget elementor-widget-button\" data-id=\"7edcad6\" data-element_type=\"widget\" data-e-type=\"widget\" data-widget_type=\"button.default\">\n\t\t\t\t<div class=\"elementor-widget-container\">\n\t\t\t\t\t\t\t\t\t<div class=\"elementor-button-wrapper\">\n\t\t\t\t\t<a class=\"elementor-button elementor-button-link elementor-size-sm\" href=\"https:\/\/calendly.com\/centredemedecine\/psychosomatische-erstberatung\" target=\"_blank\" rel=\"noopener\">\n\t\t\t\t\t\t<span class=\"elementor-button-content-wrapper\">\n\t\t\t\t\t\t\t\t\t<span class=\"elementor-button-text\">Jetzt Termin sichern<\/span>\n\t\t\t\t\t<\/span>\n\t\t\t\t\t<\/a>\n\t\t\t\t<\/div>\n\t\t\t\t\t\t\t\t<\/div>\n\t\t\t\t<\/div>\n\t\t\t\t\t<\/div>\n\t\t<\/div>\n\t\t\t\t\t<\/div>\n\t\t<\/section>\n\t\t\t\t<\/div>","protected":false},"excerpt":{"rendered":"<p>Einzelsitzungen f\u00fcr R\u00fccken &amp; Nackenschmerzen &#8211; Stuttgart Privatpraxis f\u00fcr Selbstzahler und Privatversicherte Kurzzeitbegleitung bei R\u00fccken-, Nacken- und Gelenkbeschwerden In meiner [&hellip;]<\/p>\n","protected":false},"author":2,"featured_media":0,"parent":0,"menu_order":0,"comment_status":"closed","ping_status":"closed","template":"","meta":{"site-sidebar-layout":"no-sidebar","site-content-layout":"page-builder","ast-site-content-layout":"full-width-container","site-content-style":"default","site-sidebar-style":"default","ast-global-header-display":"","ast-banner-title-visibility":"","ast-main-header-display":"","ast-hfb-above-header-display":"","ast-hfb-below-header-display":"","ast-hfb-mobile-header-display":"","site-post-title":"disabled","ast-breadcrumbs-content":"","ast-featured-img":"disabled","footer-sml-layout":"","ast-disable-related-posts":"","theme-transparent-header-meta":"","adv-header-id-meta":"","stick-header-meta":"","header-above-stick-meta":"","header-main-stick-meta":"","header-below-stick-meta":"","astra-migrate-meta-layouts":"set","ast-page-background-enabled":"default","ast-page-background-meta":{"desktop":{"background-color":"var(--ast-global-color-4)","background-image":"","background-repeat":"repeat","background-position":"center center","background-size":"auto","background-attachment":"scroll","background-type":"","background-media":"","overlay-type":"","overlay-color":"","overlay-opacity":"","overlay-gradient":""},"tablet":{"background-color":"","background-image":"","background-repeat":"repeat","background-position":"center center","background-size":"auto","background-attachment":"scroll","background-type":"","background-media":"","overlay-type":"","overlay-color":"","overlay-opacity":"","overlay-gradient":""},"mobile":{"background-color":"","background-image":"","background-repeat":"repeat","background-position":"center center","background-size":"auto","background-attachment":"scroll","background-type":"","background-media":"","overlay-type":"","overlay-color":"","overlay-opacity":"","overlay-gradient":""}},"ast-content-background-meta":{"desktop":{"background-color":"var(--ast-global-color-5)","background-image":"","background-repeat":"repeat","background-position":"center center","background-size":"auto","background-attachment":"scroll","background-type":"","background-media":"","overlay-type":"","overlay-color":"","overlay-opacity":"","overlay-gradient":""},"tablet":{"background-color":"var(--ast-global-color-5)","background-image":"","background-repeat":"repeat","background-position":"center center","background-size":"auto","background-attachment":"scroll","background-type":"","background-media":"","overlay-type":"","overlay-color":"","overlay-opacity":"","overlay-gradient":""},"mobile":{"background-color":"var(--ast-global-color-5)","background-image":"","background-repeat":"repeat","background-position":"center center","background-size":"auto","background-attachment":"scroll","background-type":"","background-media":"","overlay-type":"","overlay-color":"","overlay-opacity":"","overlay-gradient":""}},"footnotes":""},"class_list":["post-17873","page","type-page","status-publish","hentry"],"jetpack_sharing_enabled":true,"_links":{"self":[{"href":"https:\/\/psychosomatik-krause.de\/en\/wp-json\/wp\/v2\/pages\/17873","targetHints":{"allow":["GET"]}}],"collection":[{"href":"https:\/\/psychosomatik-krause.de\/en\/wp-json\/wp\/v2\/pages"}],"about":[{"href":"https:\/\/psychosomatik-krause.de\/en\/wp-json\/wp\/v2\/types\/page"}],"author":[{"embeddable":true,"href":"https:\/\/psychosomatik-krause.de\/en\/wp-json\/wp\/v2\/users\/2"}],"replies":[{"embeddable":true,"href":"https:\/\/psychosomatik-krause.de\/en\/wp-json\/wp\/v2\/comments?post=17873"}],"version-history":[{"count":34,"href":"https:\/\/psychosomatik-krause.de\/en\/wp-json\/wp\/v2\/pages\/17873\/revisions"}],"predecessor-version":[{"id":17937,"href":"https:\/\/psychosomatik-krause.de\/en\/wp-json\/wp\/v2\/pages\/17873\/revisions\/17937"}],"wp:attachment":[{"href":"https:\/\/psychosomatik-krause.de\/en\/wp-json\/wp\/v2\/media?parent=17873"}],"curies":[{"name":"wp","href":"https:\/\/api.w.org\/{rel}","templated":true}]}}

<div data-elementor-type="wp-page" data-elementor-id="17873" class="elementor elementor-17873" data-elementor-post-type="page">
						<section class="elementor-section elementor-top-section elementor-element elementor-element-6c7f898 elementor-section-boxed elementor-section-height-default elementor-section-height-default" data-id="6c7f898" data-element_type="section" data-e-type="section">
						<div class="elementor-container elementor-column-gap-default">
					<div class="elementor-column elementor-col-100 elementor-top-column elementor-element elementor-element-41887e2" data-id="41887e2" data-element_type="column" data-e-type="column">
			<div class="elementor-widget-wrap elementor-element-populated">
						<div class="elementor-element elementor-element-9457991 elementor-widget elementor-widget-heading" data-id="9457991" data-element_type="widget" data-e-type="widget" data-widget_type="heading.default">
				<div class="elementor-widget-container">
					<h1 class="elementor-heading-title elementor-size-default">Einzelsitzungen für Rücken &amp; Nackenschmerzen - Stuttgart</h1>				</div>
				</div>
				<div class="elementor-element elementor-element-81d8925 elementor-widget elementor-widget-heading" data-id="81d8925" data-element_type="widget" data-e-type="widget" data-widget_type="heading.default">
				<div class="elementor-widget-container">
					<p class="elementor-heading-title elementor-size-default">Privatpraxis für Selbstzahler und Privatversicherte</p>				</div>
				</div>
				<div class="elementor-element elementor-element-82cc4dd elementor-widget elementor-widget-spacer" data-id="82cc4dd" data-element_type="widget" data-e-type="widget" data-widget_type="spacer.default">
				<div class="elementor-widget-container">
							<div class="elementor-spacer">
			<div class="elementor-spacer-inner"></div>
		</div>
						</div>
				</div>
				<div class="elementor-element elementor-element-fd49e88 elementor-widget elementor-widget-heading" data-id="fd49e88" data-element_type="widget" data-e-type="widget" data-widget_type="heading.default">
				<div class="elementor-widget-container">
					<h2 class="elementor-heading-title elementor-size-default">Kurzzeitbegleitung bei Rücken-, Nacken- und Gelenkbeschwerden</h2>				</div>
				</div>
					</div>
		</div>
					</div>
		</section>
				<section class="elementor-section elementor-top-section elementor-element elementor-element-4a06c5b elementor-section-boxed elementor-section-height-default elementor-section-height-default" data-id="4a06c5b" data-element_type="section" data-e-type="section">
						<div class="elementor-container elementor-column-gap-default">
					<div class="elementor-column elementor-col-100 elementor-top-column elementor-element elementor-element-e4223ac" data-id="e4223ac" data-element_type="column" data-e-type="column">
			<div class="elementor-widget-wrap elementor-element-populated">
						<div class="elementor-element elementor-element-b639be1 elementor-widget elementor-widget-text-editor" data-id="b639be1" data-element_type="widget" data-e-type="widget" data-widget_type="text-editor.default">
				<div class="elementor-widget-container">
									<p data-start="188" data-end="415">In meiner Praxis für Schmerztherapie in Stuttgart behandle ich vor allem Rücken-, Nacken- und Gelenkbeschwerden im Rahmen gezielter Einzelsitzungen.</p><p data-start="188" data-end="415">Einzelsitzungen eignen sich für klar umrissene Anliegen, bei denen keine intensive oder langfristige Begleitung erforderlich ist – insbesondere dann, wenn Sie sich dennoch eine ganzheitliche und umfassende Betreuung wünschen.</p><p data-start="572" data-end="800">Auch im Rahmen von Einzelsitzungen kommen Elemente der ONPT zum Einsatz, wie beispielsweise Biofeedback sowie individuelle, begleitende Empfehlungen (z. B. zu Ernährung oder Mikronährstoffen), sofern diese sinnvoll erscheinen.</p><p data-start="807" data-end="899">Ziel der Sitzung ist eine gezielte Einordnung und Intervention für Ihr Anliegen.</p>								</div>
				</div>
				<div class="elementor-element elementor-element-e015c65 elementor-widget elementor-widget-heading" data-id="e015c65" data-element_type="widget" data-e-type="widget" data-widget_type="heading.default">
				<div class="elementor-widget-container">
					<h2 class="elementor-heading-title elementor-size-default">Diagnostik im Rahmen von Einzelsitzungen</h2>				</div>
				</div>
				<div class="elementor-element elementor-element-efa0120 elementor-widget elementor-widget-text-editor" data-id="efa0120" data-element_type="widget" data-e-type="widget" data-widget_type="text-editor.default">
				<div class="elementor-widget-container">
									<p data-start="961" data-end="1150">Im Unterschied zu den Therapieprogrammen erfolgt hier keine mehrteilige Diagnostik. Stattdessen findet zu Beginn eine kompakte diagnostische Einordnung im Rahmen der ersten Sitzung statt.</p><p data-start="1157" data-end="1275">Dabei wird Ihre individuelle Situation strukturiert erfasst und gemeinsam besprochen, welches Vorgehen sinnvoll ist.</p><p data-start="1282" data-end="1586">In manchen Fällen kann das Anliegen bereits im Rahmen einer kurzen, gezielten Intervention bearbeitet werden. Sollte sich jedoch zeigen, dass eine umfassendere Betrachtung notwendig ist, kann eine intensivere und längerfristige Begleitung im Rahmen eines strukturierten Therapieprogramms empfohlen werden.</p>								</div>
				</div>
				<div class="elementor-element elementor-element-d94f271 elementor-widget elementor-widget-heading" data-id="d94f271" data-element_type="widget" data-e-type="widget" data-widget_type="heading.default">
				<div class="elementor-widget-container">
					<h2 class="elementor-heading-title elementor-size-default">Für wen geeignet?</h2>				</div>
				</div>
				<div class="elementor-element elementor-element-4c9dff4 elementor-widget elementor-widget-text-editor" data-id="4c9dff4" data-element_type="widget" data-e-type="widget" data-widget_type="text-editor.default">
				<div class="elementor-widget-container">
									<p>Einzelsitzungen sind vor allem für Nackenbeschwerden, Kopfschmerzen und Gelenkblockaden im Rücken geeignet, da diese häufig innerhalb weniger Sitzungen behoben werden können. </p>								</div>
				</div>
				<div class="elementor-element elementor-element-46c4a87 elementor-widget elementor-widget-heading" data-id="46c4a87" data-element_type="widget" data-e-type="widget" data-widget_type="heading.default">
				<div class="elementor-widget-container">
					<h2 class="elementor-heading-title elementor-size-default">Kosten</h2>				</div>
				</div>
				<div class="elementor-element elementor-element-cc2ae94 elementor-widget elementor-widget-text-editor" data-id="cc2ae94" data-element_type="widget" data-e-type="widget" data-widget_type="text-editor.default">
				<div class="elementor-widget-container">
									<p>Das Angebot richtet sich an Privatversicherte und Selbstzahler. Eine Einzelsitzung, egal ob als Diagnostik oder Therapie kostet 150€ pro Termin.</p>								</div>
				</div>
				<div class="elementor-element elementor-element-0ab70c1 elementor-widget elementor-widget-heading" data-id="0ab70c1" data-element_type="widget" data-e-type="widget" data-widget_type="heading.default">
				<div class="elementor-widget-container">
					<h2 class="elementor-heading-title elementor-size-default">Zeit &amp; Dauer</h2>				</div>
				</div>
				<div class="elementor-element elementor-element-3f0ba8f elementor-widget elementor-widget-text-editor" data-id="3f0ba8f" data-element_type="widget" data-e-type="widget" data-widget_type="text-editor.default">
				<div class="elementor-widget-container">
									<p>Termine dauern je nach Anliegen zwischen 50 &#8211; 70 Minuten.</p><p>Pro Anliegen werden bis zu 6 Einzelsitzungen durchgeführt. Nach 6 Sitzungen besprechen wir den aktuellen Stand &#8211; ob und in wieweit weitere Sitzungen sinnvoll und notwendig sind.</p>								</div>
				</div>
				<div class="elementor-element elementor-element-cbb91f6 elementor-widget elementor-widget-heading" data-id="cbb91f6" data-element_type="widget" data-e-type="widget" data-widget_type="heading.default">
				<div class="elementor-widget-container">
					<h2 class="elementor-heading-title elementor-size-default">Termin vereinbaren</h2>				</div>
				</div>
				<div class="elementor-element elementor-element-92c615c elementor-widget elementor-widget-text-editor" data-id="92c615c" data-element_type="widget" data-e-type="widget" data-widget_type="text-editor.default">
				<div class="elementor-widget-container">
									<p>Um Ihr Anliegen kurz einzuordnen und für das gegenseitige kennenlernen buchen Sie sich gerne ein kostenloses Erstgespräch</p>								</div>
				</div>
				<div class="elementor-element elementor-element-7edcad6 elementor-widget elementor-widget-button" data-id="7edcad6" data-element_type="widget" data-e-type="widget" data-widget_type="button.default">
				<div class="elementor-widget-container">
									<div class="elementor-button-wrapper">
					<a class="elementor-button elementor-button-link elementor-size-sm" href="https://calendly.com/centredemedecine/psychosomatische-erstberatung" target="_blank" rel="noopener">
						<span class="elementor-button-content-wrapper">
									<span class="elementor-button-text">Jetzt Termin sichern</span>
					</span>
					</a>
				</div>
								</div>
				</div>
					</div>
		</div>
					</div>
		</section>
				</div>

<p>Einzelsitzungen für Rücken &amp; Nackenschmerzen &#8211; Stuttgart Privatpraxis für Selbstzahler und Privatversicherte Kurzzeitbegleitung bei Rücken-, Nacken- und Gelenkbeschwerden In meiner [&hellip;]</p>
